What is the millions digit of 1038713?
1
What is the ten thousands digit of 7418309?
1
What is the units digit of 228501?
1
What is the units digit of 3668753?
3
What is the hundreds digit of 4119692?
6
What is the hundreds digit of 672037?
0
What is the tens digit of 228681?
8
What is the millions digit of 2770318?
2
What is the hundred thousands digit of 184173?
1
What is the tens digit of 262453?
5
What is the ten thousands digit of 222571?
2
What is the ten thousands digit of 433690?
3
What is the tens digit of 1309496?
9
What is the units digit of 2777997?
7
What is the ten thousands digit of 308047?
0
What is the tens digit of 102822?
2
What is the ten thousands digit of 9395152?
9
What is the units digit of 374061?
1
What is the ten thousands digit of 25689023?
8
What is the thousands digit of 14870750?
0
What is the thousands digit of 2887780?
7
What is the tens digit of 129725?
2
What is the tens digit of 10322572?
7
What is the units digit of 665885?
5
What is the thousands digit of 317491?
7
What is the tens digit of 1499505?
0
What is the thousands digit of 248605?
8
What is the ten thousands digit of 188075?
8
What is the ten thousands digit of 730218?
3
What is the hundreds digit of 939?
9
What is the ten thousands digit of 12032644?
3
What is the hundreds digit of 7452203?
2
What is the thousands digit of 1420302?
0
What is the hundred thousands digit of 2995124?
9
What is the hundred thousands digit of 4683621?
6
What is the tens digit of 12613?
1
What is the hundred thousands digit of 6692503?
6
What is the tens digit of 517847?
4
What is the tens digit of 133335?
3
What is the tens digit of 354329?
2
What is the units digit of 26216?
6
What is the millions digit of 11474346?
1
What is the tens digit of 200858?
5
What is the tens digit of 2343316?
1
What is the hundred thousands digit of 1059591?
0
What is the units digit of 7740835?
5
What is the hundred thousands digit of 4711748?
7
What is the ten thousands digit of 21337693?
3
What is the hundred thousands digit of 2059814?
0
What is the hundred thousands digit of 211359?
2
What is the tens digit of 243530?
3
What is the tens digit of 3208296?
9
What is the hundred thousands digit of 12597027?
5
What is the tens digit of 4342135?
3
What is the units digit of 3606437?
7
What is the ten thousands digit of 841948?
4
What is the tens digit of 20507679?
7
What is the thousands digit of 2771701?
1
What is the tens digit of 1008071?
7
What is the tens digit of 226106?
0
What is the thousands digit of 7642683?
2
What is the hundred thousands digit of 2044520?
0
What is the hundred thousands digit of 6795470?
7
What is the units digit of 2682903?
3
What is the tens digit of 767216?
1
What is the ten thousands digit of 907463?
0
What is the hundreds digit of 1546226?
2
What is the hundreds digit of 1438512?
5
What is the tens digit of 1260752?
5
What is the millions digit of 15494727?
5
What is the millions digit of 4326998?
4
What is the hundreds digit of 2302879?
8
What is the thousands digit of 440651?
0
What is the thousands digit of 1045382?
5
What is the units digit of 1592858?
8
What is the hundreds digit of 476363?
3
What is the thousands digit of 142774?
2
What is the hundreds digit of 4598369?
3
What is the thousands digit of 15819180?
9
What is the ten thousands digit of 371252?
7
What is the ten thousands digit of 302965?
0
What is the hundreds digit of 8280196?
1
What is the thousands digit of 2581642?
1
What is the units digit of 134531?
1
What is the tens digit of 137534?
3
What is the tens digit of 30559263?
6
What is the ten thousands digit of 11419687?
1
What is the thousands digit of 17640680?
0
What is the hundred thousands digit of 31766630?
7
What is the ten thousands digit of 2355785?
5
What is the hundreds digit of 1047026?
0
What is the hundreds digit of 19728831?
8
What is the hundreds digit of 1510082?
0
What is the tens digit of 1231453?
5
What is the units digit of 102280?
0
What is the hundreds digit of 304064?
0
What is the hundred thousands digit of 999361?
9
What is the millions digit of 9740137?
9
What is the hundreds digit of 5842512?
5
What is the tens digit of 2052446?
4
What is the units digit of 16507382?
2
What is the hundred thousands digit of 3507246?
5
What is the ten thousands digit of 624780?
2
What is the hundred thousands digit of 154834?
1
What is the tens digit of 173600?
0
What is the ten thousands digit of 4859159?
5
What is the millions digit of 23951949?
3
What is the units digit of 139168?
8
What is the tens digit of 8284930?
3
What is the units digit of 21124266?
6
What is the tens digit of 6531930?
3
What is the hundred thousands digit of 491379?
4
What is the thousands digit of 18290112?
0
What is the hundreds digit of 962524?
5
What is the units digit of 8485740?
0
What is the hundreds digit of 379107?
1
What is the tens digit of 1219869?
6
What is the hundreds digit of 21132690?
6
What is the millions digit of 1960854?
1
What is the units digit of 225786?
6
What is the hundred thousands digit of 4220477?
2
What is the units digit of 43692?
2
What is the units digit of 994177?
7
What is the hundreds digit of 2876292?
2
What is the thousands digit of 4891604?
1
What is the ten thousands digit of 3820532?
2
What is the tens digit of 1054756?
5
What is the tens digit of 5046050?
5
What is the tens digit of 2837310?
1
What is the units digit of 424860?
0
What is the hundreds digit of 11104?
1
What is the hundred thousands digit of 1505205?
5
What is the millions digit of 3036951?
3
What is the millions digit of 5572605?
5
What is the tens digit of 34470386?
8
What is the tens digit of 326352?
5
What is the ten thousands digit of 585685?
8
What is the hundred thousands digit of 161183?
1
What is the millions digit of 12192385?
2
What is the ten thousands digit of 4399516?
9
What is the units digit of 3508959?
9
What is the ten thousands digit of 3866114?
6
What is the hundred thousands digit of 8141489?
1
What is the thousands digit of 98598?
8
What is the millions digit of 1467270?
1
What is the units digit of 2629025?
5
What is the ten thousands digit of 287196?
8
What is the ten thousands digit of 549041?
4
What is the ten thousands digit of 1479316?
7
What is the ten millions digit of 35644962?
3
What is the thousands digit of 721894?
1
What is the millions digit of 5251882?
5
What is the tens digit of 4055092?
9
What is the hundreds digit of 3642439?
4
What is the tens digit of 436184?
8
What is the hundred thousands digit of 3913726?
9
What is the hundreds digit of 7805449?
4
What is the ten millions digit of 21421251?
2
What is the hundred thousands digit of 259788?
2
What is the units digit of 28948132?
2
What is the tens digit of 253212?
1
What is the ten thousands digit of 335498?
3
What is the tens digit of 2272931?
3
What is the thousands digit of 4778016?
8
What is the thousands digit of 157832?
7
What is the tens digit of 622141?
4
What is the ten thousands digit of 17178721?
7
What is the ten thousands digit of 263352?
6
What is the hundreds digit of 12455656?
6
What is the units digit of 1527958?
8
What is the millions digit of 9510083?
9
What is the units digit of 198034?
4
What is the units digit of 104126?
6
What is the thousands digit of 1025529?
5
What is the hundred thousands digit of 395142?
3
What is the units digit of 1471456?
6
What is the hundreds digit of 388293?
2
What is the ten thousands digit of 31559?
3
What is the units digit of 8643371?
1
What is the thousands digit of 217048?
7
What is the hundreds digit of 1016506?
5
What is the tens digit of 471978?
7
What is the thousands digit of 277779?
7
What is the ten thousands digit of 640042?
4
What is the hundreds digit of 1171672?
6
What is the thousands digit of 83899?
3
What is the tens digit of 420911?
1
What is the hundreds digit of 257790?
7
What is the units digit of 12817749?
9
What is the tens digit of 2842804?
0
What is the ten thousands digit of 16537280?
3
What is the hundreds digit of 2409268?
2
What is the thousands digit of 183029?
3
What is the thousands digit of 13543166?
3
What is the ten thousands digit of 782540?
8
What is the tens digit of 329495?
9
What is the tens digit of 322662?
6
What is the thousands digit of 1504269?
4